*b = -15. What is the units digit of c?
5
Suppose -32 = 4*r - 20. Let d(l) = -24*l - 9. What is the units digit of d(r)?
3
Let l = 29 + -25. Suppose 2*y + l*a - 6 + 4 = 0, -2*a = -2*y + 20. What is the units digit of y?
7
Suppose 6 = 5*o - 9. Let u be (3 - 6 - -3) + o. Suppose -2*y = -4*v + 5*v - 8, 3*v = -u*y + 12. What is the units digit of y?
4
Suppose 593 = -u + 5*d + 2840, -4*d + 2283 = u. What is the units digit of u?
7
Suppose 4*y + 3*o = 2*o + 4701, 0 = -2*o + 10. What is the tens digit of y?
7
Suppose 6960 = 11*v - 7*v. What is the thousands digit of v?
1
Let z(h) = -10*h - 7. Let d(a) = -11*a - 7. Let m(g) = -4*d(g) + 5*z(g). What is the tens digit of m(-25)?
4
Let k(m) = -4*m + 6. Let v be k(-5). Suppose -26 - v = 3*j + p, 2*p = j + 22. What is the tens digit of ((-174)/j)/(2/6)?
2
Suppose y + 2*u = 1, -5*y = -4*u - 7 + 2. Suppose -5*f + 5*b + 55 = 0, 2*b = -f - y + 3. Let h(j) = j - 6. What is the units digit of h(f)?
2
Suppose 5*m - 5*n - 5020 = 0, -735 - 1243 = -2*m - 4*n. What is the units digit of m?
9
Suppose -43 = -4*v - 303. Let l = -41 - v. What is the units digit of l?
4
Suppose -3*b + 15 = -0*d + d, -2*d + 3*b = -75. Suppose d - 14 = 2*p. What is the units digit of p + (1 - (6 + -1))?
4
Let u(a) = -a**3 - 20*a**2 - 36*a - 59. What is the hundreds digit of u(-23)?
3
Let o(x) = 2*x**2 - 6*x - 10. Let f(r) = -5*r**2 + 11*r + 21. Let h(s) = 3*f(s) + 7*o(s). Let g = -9 - -3. What is the tens digit of h(g)?
1
What is the units digit of (567 + -3 + 3)*1?
7
Suppose -39274 = -55*b + 179131. What is the hundreds digit of b?
9
Suppose 42*j - 34*j = 144. What is the units digit of j?
8
Let w(g) = 7*g**3 + g**2 + 3*g - 1. What is the hundreds digit of w(6)?
5
Let l(p) = p + 2*p**2 - 18 - 31*p + 10*p - 11. What is the tens digit of l(17)?
0
Let a = -29 + 31. Suppose -59 = -l - 3*k, a*k + 151 = 3*l - 2*k. What is the tens digit of l?
5
Suppose 0 = 7*p - 11*p + 940. Suppose v + p = 4*f, -f + 23 + 34 = -2*v. What is the units digit of f?
9
What is the units digit of (455/(-14))/(-13) + 15524/8?
3
Suppose -5*l = -4*g - 7, 4 + 7 = 5*l - 2*g. Suppose d = -l + 17. What is the units digit of d?
4
Let k be 48 - (-4 + (0 - -3)). What is the tens digit of (-2)/7 + 1827/k?
3
Suppose 0 = -3*x + 4*d + 5935, -11*x - 2*d = -7*x - 7950. What is the tens digit of x?
8
Let m(n) = n**3 - 20*n**2 - 23*n + 10. Let z be m(21). What is the hundreds digit of 3/12 + 692/z*-6?
1
Let z(v) = v**2 - 12*v - 18. Let i = -119 + 140. What is the hundreds digit of z(i)?
1
Suppose 2 - 1 = d. Let f(j) = j**2 - 10*j + 4. Let m be f(4). What is the tens digit of 3 - (m + d)*1?
2
Let x = -131 - -86. Let y = x + 110. Suppose 5*s - 55 = y. What is the units digit of s?
4
Suppose g - 4*y - 15 = 0, 5*g - y = 10 + 8. Suppose 0 = -4*a - 0*f + 3*f + 316, -12 = -g*f. What is the units digit of a?
2
Let z be 9 - (0 + 5 - 1). Suppose -89 = -z*d + 21. What is the tens digit of d?
2
Let h(i) be the third derivative of i**5/30 - i**4/3 - i**3/2 + i**2. Suppose -42 = -9*y + 3*y. What is the tens digit of h(y)?
3
Let t(s) = -s**3 - 7*s**2 - 5*s - 2. Let k be t(-7). Let h be ((-2)/(-4))/(2/8). What is the tens digit of -2 - (-2)/(h/k)?
3
What is the hundreds digit of (-1)/(-1)*5/15*681?
2
Let s(c) = c + 6. Let p be s(-5). Let a(k) be the second derivative of 35*k**3/6 - k**2/2 - 5*k. What is the tens digit of a(p)?
3
Let z(c) be the third derivative of 5*c**4/12 + 22*c**3/3 + 13*c**2. What is the tens digit of z(9)?
3
Let b = 39 - 14. Suppose -3*m + 3*i = i - b, -5*m + i = -30. Suppose -m*v = 2*v - 168. What is the units digit of v?
4
Suppose 4*k - 189 = -65. Suppose -b + 11 = 3*c - k, -b + 70 = 5*c. Let g = c + -5. What is the units digit of g?
9
Suppose 0 = 17*u - 8595 - 12230. What is the units digit of u?
5
Let m(p) = 2*p**2 + 7*p + 8. Let y be m(-3). Suppose -5*w - 345 = -y*d, -w = -3*d + 3*w + 204. What is the units digit of d?
2
Let n(h) = -h + 112. What is the units digit of n(-30)?
2
Suppose -5*z = -0*z - 1145. Suppose -d = -q - 160, z - 71 = d + q. What is the hundreds digit of d?
1
Let h(c) = -2*c**3 - 9 + 11*c**2 + 12*c + c**3 + 0*c + 16. Let r(s) = 2*s**2 - 6*s + 4. Let w be r(4). What is the units digit of h(w)?
7
Suppose 2*g = 684 + 1120. What is the hundreds digit of g?
9
Let y(w) = -14*w**3 - 5*w**2 + 31*w + 42. What is the units digit of y(-6)?
0
Suppose -5*g = 3*m - 3547, 1736 = 4*g + 5*m - 1099. What is the tens digit of g?
1
What is the hundreds digit of (2797/3)/(2/6)?
7
Suppose 5*o + 15 = 5*d, d - 5*o - 5 - 2 = 0. Suppose a = d*p + 7, -6*p = 2*a - p + 4. What is the units digit of a?
3
Let x = 11 - -2. Suppose 4*r + 2*a - 39 + x = 0, 0 = 2*a - 6. Suppose r*v + n = 53, -3*v - 5 = -5*v + 5*n. What is the tens digit of v?
1
Suppose 0 = 6*l - 63 - 141. What is the units digit of l?
4
Suppose 3*l + z + 1327 - 262 = 0, 12 = -4*z. Let x = 505 + l. What is the hundreds digit of x?
1
Let w be 3/2 + 445/10. Suppose -s - 4*k = 3, 2*s - 6*k = -k + w. Let t = s - 6. What is the units digit of t?
7
Let a(p) = p**3 + 2*p**2 - 9*p + 1. Let l be a(-4). Suppose -l*w = o + 3*o - 995, 0 = -5*w + o + 1020. What is the units digit of w?
3
Suppose 2*g - 16 = -2*g + 3*v, -20 = -5*g + 4*v. Suppose -g*h + 3*h + 3 = 2*m, 0 = 4*m + 3*h - 5. Suppose -20 = -m*n - 4. What is the units digit of n?
8
Let b = -6241 - -10858. What is the hundreds digit of b?
6
Let h(n) = -3*n**3 - 25*n**2 + 8*n + 21. Let z(f) = 2*f**3 + 12*f**2 - 4*f - 11. Let k(y) = 3*h(y) + 5*z(y). What is the tens digit of k(15)?
6
Let l = 1759 - 772. What is the hundreds digit of l?
9
Let u(g) = -g - 1. Let m be u(-7). Suppose -3*f + 3*p = -111, -4*f = -m*f + 4*p + 70. Let c = f + -23. What is the tens digit of c?
1
Let j be (-8)/5*(-15)/6. Let i = 67 - -177. Suppose 0*w - i = -j*w. What is the units digit of w?
1
What is the units digit of 1 + -5 + 3002 + (-10)/(-2)?
3
Suppose -10*y + 11*y = -4. What is the units digit of 1209/12 + -1 + (-1)/y?
0
Suppose -3568 - 282 = -10*x. What is the units digit of x?
5
Suppose -j - r = -4, -3*r = 2*j + 3*j - 12. Suppose j = p + 2*p - 234. What is the tens digit of (-120)/(-36)*p/4?
6
Let s = -16 - -25. What is the units digit of (s/(-3))/(2/(-26))?
9
Let k(f) = -6*f**3 - 2*f**2 - 44*f - 256. What is the units digit of k(-5)?
4
Let p = -208 + 275. What is the tens digit of p?
6
Let x(g) = 2*g**3 + 4*g**2 + 5. Let c be x(-4). Suppose 15*t - 96 - 1539 = 0. Let w = c + t. What is the units digit of w?
0
Let z(c) = 21*c + 28. Suppose 3*v - y + 3 = 16, -33 = -3*v - 3*y. What is the hundreds digit of z(v)?
1
Let p = 214 - 84. Let t = 279 - p. What is the hundreds digit of t?
1
Suppose f - 2 = o - 0, -5*o = 0. Suppose -522 = -3*b + 3*m, -4*m - 176 = -f*b + 168. What is the tens digit of b?
7
Let j(f) = -f**3 + 5*f**2 + 9*f - 3. Let w be j(6). Suppose 5*k + 4*a = 20, w = -4*k + 2*a + a. Suppose k*t = -3*t + 66. What is the units digit of t?
2
Let c be ((-12)/10)/(1/(-90)). Suppose 0*n + 2*n - q - c = 0, -3*n = 5*q - 175. What is the tens digit of n?
5
What is the units digit of (52/6)/(24803/4131 - 6)?
6
Suppose 14*y = -5*c + 18*y + 14934, 2*c - 5960 = 5*y. What is the thousands digit of c?
2
Suppose 2*k + 0*b = -b + 2, 10 = -2*k - 4*b. Suppose -k*x + 35 = -5*s, 4*x + 0*s = -s + 39. What is the tens digit of (-370)/(-6) - x/15?
6
Suppose -4*f = -5*t - 3 - 6, -3*f = -4*t - 6. Let z(c) = -2*c - 8. Let v be z(0). What is the units digit of f/(v/(-4))*18?
4
Let l = 43 - 37. Suppose 0 = 2*o - l*o + 248. What is the tens digit of o?
6
Let h be 2 - ((-2)/(-4))/(2/4). Suppose 0 = -0*d - 4*d - 8. What is the units digit of 17 - (-3 - d)*h?
8
Suppose -3*j - 3*q + 45 = 2*j, 0 = j - 3*q - 27. Let a be (-30)/25*(0 + -5). What is the tens digit of 4/j - (-148)/a?
2
Let t be (-1)/3*(-60)/20. Let z(d) = 51*d**3 + d**2 + 2*d - 3. What is the tens digit of z(t)?
5
Let h(c) = -c**2 + 10*c + 15. Let z be h(11). Suppose 0 = z*o - 6*o + 94. What is the units digit of o?
7
Suppose 5098 = 5*y - 2*a, 2020 = -7*y + 9*y + 4*a. What is the units digit of y?
8
Let h be (44/(-10))/(14/(-70)). Suppose 16*j - h*j + 984 = 0. What is the tens digit of j?
6
Let t = -4 - -13. Let l be 142/t - 16/(-72). Let j = l + -9. What is the units digit of j?
7
Let i = 43 - 7. Suppose 2*y = -2*k + i, -y - 2*y = 2*k - 52. Let o = 23 - y. What is